se
Is 940063 prime?
False
Is 955 prime?
False
Is 168479 a prime number?
False
Is 15253 composite?
True
Is 57569 a prime number?
False
Is 22403 a composite number?
True
Is 183935 a prime number?
False
Is 7243 a composite number?
False
Is 166289 prime?
True
Is 61111 a composite number?
True
Is 398581 composite?
False
Is 1087 a prime number?
True
Is 1520107 prime?
True
Is 196033 a composite number?
False
Is 11239 a composite number?
False
Is 20353 composite?
False
Is 13033 composite?
False
Is 37811 a prime number?
True
Is 878545 composite?
True
Is 5669 a composite number?
False
Is 42641 a prime number?
True
Is 251677 composite?
False
Is 3821 prime?
True
Is 33227 prime?
False
Is 10666 prime?
False
Is 7063 a prime number?
False
Is 26294 a prime number?
False
Is 614173 prime?
False
Is 3197 a prime number?
False
Is 258527 prime?
True
Is 11483 prime?
True
Is 1277 prime?
True
Is 40757 a composite number?
True
Is 139187 a prime number?
True
Is 597841 prime?
False
Is 1717 composite?
True
Is 189223 a prime number?
True
Is 677767 a prime number?
True
Is 6257 a composite number?
False
Is 74699 prime?
True
Is 411287 a composite number?
False
Is 78415 composite?
True
Is 255427 a prime number?
False
Is 26621 composite?
True
Is 1013429 composite?
False
Is 49127 composite?
True
Is 1353853 a prime number?
False
Is 13093 composite?
False
Is 365529 composite?
True
Is 36571 a prime number?
True
Is 46994 prime?
False
Is 33409 composite?
False
Is 877 composite?
False
Is 743 a composite number?
False
Is 14921 a composite number?
True
Is 562897 composite?
False
Is 26801 composite?
False
Is 7901 a composite number?
False
Is 220283 a prime number?
False
Is 125071 a prime number?
False
Is 353047 prime?
True
Is 54083 a composite number?
False
Is 109961 prime?
True
Is 1361 composite?
False
Is 10401 a prime number?
False
Is 6739 composite?
True
Is 1943 prime?
False
Is 1313 composite?
True
Is 183 a composite number?
True
Is 104449 a prime number?
False
Is 30718 a composite number?
True
Is 2257003 a composite number?
True
Is 3713 a prime number?
False
Is 3793 a composite number?
False
Is 539873 a prime number?
False
Is 286129 a prime number?
True
Is 515855 a composite number?
True
Is 16787 a prime number?
True
Is 154519 a prime number?
False
Is 99241 composite?
False
Is 123263 a prime number?
False
Is 4967 composite?
False
Is 926 a prime number?
False
Is 11959 a composite number?
False
Is 2746 prime?
False
Is 31883 a composite number?
False
Is 632557 a prime number?
True
Is 32831 a composite number?
False
Is 60859 prime?
True
Is 92329 a prime number?
False
Is 20413 a prime number?
False
Is 3387 prime?
False
Is 28363 composite?
True
Is 52471 a prime number?
False
Is 136447 prime?
True
Is 12230353 prime?
True
Is 63299 a prime number?
True
Is 698977 composite?
False
Is 381 a composite number?
True
Is 97771 a composite number?
False
Is 2019 prime?
False
Is 463723 a composite number?
True
Is 164599 a prime number?
True
Is 39709 prime?
True
Is 3137 a composite number?
False
Is 120811 prime?
True
Is 3898 a prime number?
False
Is 331 a composite number?
False
Is 997693 composite?
False
Is 13217 prime?
True
Is 87443 prime?
True
Is 214154 composite?
True
Is 9587 a composite number?
False
Is 2879 prime?
True
Is 2172547 a composite number?
True
Is 3205 a composite number?
True
Is 367597 prime?
True
Is 397 a composite number?
False
Is 205883 prime?
True
Is 58801 prime?
False
Is 1943 a composite number?
True
Is 303119 a prime number?
True
Is 2077 a prime number?
False
Is 2844229 composite?
False
Is 37369 a composite number?
False
Is 253571 prime?
False
Is 3371 a prime number?
True
Is 5321 composite?
True
Is 11113 a prime number?
True
Is 268597 a prime number?
False
Is 25387 prime?
False
Is 87833 prime?
True
Is 40735 a prime number?
False
Is 2609 composite?
False
Is 37337 prime?
True
Is 7607 a composite number?
False
Is 359 prime?
True
Is 988571 a prime number?
True
Is 1264351 a prime number?
False
Is 27143 a prime number?
True
Is 880691 a prime number?
False
Is 9871 a prime number?
True
Is 9169 prime?
False
Is 7405 a prime number?
False
Is 98635 prime?
False
Is 21581 composite?
True
Is 2029767 composite?
True
Is 235511 composite?
True
Is 757063 a composite number?
False
Is 3299 prime?
True
Is 4703 composite?
False
Is 13883 prime?
True
Is 2461 composite?
True
Is 1345577 a composite number?
False
Is 310459 a composite number?
False
Is 9147 composite?
True
Is 3809 a composite number?
True
Is 14969 a composite number?
False
Is 95683 prime?
False
Is 40613 composite?
True
Is 3251 prime?
True
Is 653347 prime?
False
Is 163 composite?
False
Is 121517 prime?
False
Is 141863 a prime number?
True
Is 143629 a composite number?
False
Is 28417 composite?
True
Is 5737 a composite number?
False
Is 36293 a prime number?
True
Is 96401 a composite number?
False
Is 114739 a prime number?
False
Is 357361 a composite number?
True
Is 3953 a composite number?
True
Is 2304377 a composite number?
True
Is 6449 composite?
False
Is 10405451 a composite number?
True
Is 209877 prime?
False
Is 21001 composite?
False
Is 43609 prime?
True
Is 1044019 prime?
True
Is 34973 a composite number?
True
Is 694223 a prime number?
True
Is 427007 composite?
True
Is 21377 prime?
True
Is 367031 a prime number?
False
Is 12634 prime?
False
Is 17033 prime?
True
Is 123911 a composite number?
False
Is 12071 composite?
False
Is 28115 prime?
False
Is 112831 prime?
True
Is 8509 prime?
False
Is 5886007 a prime number?
True
Is 1259 composite?
False
Is 49559 a composite number?
False
Is 78259 composite?
False
Is 42043 a composite number?
False
Is 76933 a prime number?
False
Is 114259 composite?
False
Is 23497 a composite number?
False
Is 295411 composite?
False
Is 390851 prime?
True
Is 3798791 a composite number?
False
Is 122781 a composite number?
True
Is 3845 a prime number?
False
Is 3223 composite?
True
Is 126173 composite?
False
Is 16953 a prime number?
False
Is 30869 composite?
False
Is 35494 a prime number?
False
Is 495143 composite?
True
Is 409 a composite number?
False
Is 90353 a prime number?
True
Is 1581197 a composite number?
True
Is 12197 prime?
True
Is 10033 prime?
False
Is 5297 prime?
True
Is 680489 composite?
False
Is 172234 prime?
False
Is 94033 a composite number?
False
Is 1487917 composite?
False
Is 75529 prime?
False
Is 6385 a composite number?
True
Is 1078471 a prime number?
True
Is 305789 prime?
False
Is 5923 composite?
False
Is 206905 a prime number?
False
Is 293 prime?
True
Is 743059 prime?
True
Is 7903 composite?
True
Is 2099 a prime number?
True
Is 266911 prime?
False
Is 7993 prime?
True
Is 14809 prime?
False
Is 77941 prime?
False
Is 7069 prime?
True
Is 72019 prime?
True
Is 52131 composite?
True
Is 12637 prime?
True
Is 52093 prime?
False
Is 51349 prime?
True
Is 778301 a composite number?
False
Is 128747 a composite number?
False
Is 1607321 composite?
False
Is 112231 a prime number?
False
Is 260914 prime?
False
Is 10221 composite?
True
Is 37419 a composite number?
True
Is 33133 prime?
False
Is 236909 a prime number?
True
Is 57839 composite?
False
Is 305741 a prime number?
True
Is 138727 a composite number?
False
Is 45523 a prime number?
True
Is 85781 a prime number?
True
Is 18481 a prime number?
True
Is 136687 prime?
False
Is 1123 composite?
False
Is 2453 a prime number?
False
Is 149 composite?
False
Is 275263 a prime number?
True
Is 134599 prime?
False
Is 673 a composite number?
False
Is 55721 prime?
True
Is 32297 a prime number?
True
Is 1082755 composite?
True
Is 307 a prime number?
True
Is 133135 a composite number?
True
Is 9411 prime?
False
Is 13669 a prime number?
True
Is 31363 prime?
False
Is 285661 composite?
False
Is 198409 composite?
False
Is 57769 prime?
False
Is 10823 a composite number?
True
Is 62171 a composite number?
False
Is 590641 composite?
False
Is 91 prime?
False
Is 7153 a prime number?
False
Is 230663 a composite number?
False
Is 24523 composite?
True
Is 2657 a prime number?
True
Is 108233 a prime number?
True
Is 1861 prime?
True
Is 2767 a prime number?
True
Is 19847 composite?
True
Is 245171 a prime number?
True
Is 143 composite?
True
Is 29501 composite?
False
Is 308923 a prime number?
True
Is 2231 a composite number?
True
Is 22327 prime?
False
Is 17093 composite?
False
Is 134791 a prime number?
Fals